{"id":645,"date":"2021-11-02T04:14:13","date_gmt":"2021-11-02T04:14:13","guid":{"rendered":"https:\/\/colegiosanisidrolabrador.edu.ar\/isil\/?page_id=645"},"modified":"2026-01-30T10:35:18","modified_gmt":"2026-01-30T13:35:18","slug":"nivel-secundario-formacion-academica","status":"publish","type":"page","link":"https:\/\/colegiosanisidrolabrador.edu.ar\/isil\/nivel-secundario-formacion-academica\/","title":{"rendered":"Nivel Secundario &#8211; Formaci\u00f3n Acad\u00e9mica"},"content":{"rendered":"\t\t<div data-elementor-type=\"wp-page\" data-elementor-id=\"645\" class=\"elementor elementor-645\">\n\t\t\t\t\t\t<section class=\"elementor-section elementor-top-section elementor-element elementor-element-62f57ec0 elementor-section-boxed elementor-section-height-default elementor-section-height-default\" data-id=\"62f57ec0\" data-element_type=\"section\" data-e-type=\"section\">\n\t\t\t\t\t\t<div class=\"elementor-container elementor-column-gap-default\">\n\t\t\t\t\t<div class=\"elementor-column elementor-col-100 elementor-top-column elementor-element elementor-element-31bca67a\" data-id=\"31bca67a\" data-element_type=\"column\" data-e-type=\"column\">\n\t\t\t<div class=\"elementor-widget-wrap elementor-element-populated\">\n\t\t\t\t\t\t<div class=\"elementor-element elementor-element-25ff3a3 elementor-widget elementor-widget-heading\" data-id=\"25ff3a3\" data-element_type=\"widget\" data-e-type=\"widget\" data-widget_type=\"heading.default\">\n\t\t\t\t<div class=\"elementor-widget-container\">\n\t\t\t\t\t<h2 class=\"elementor-heading-title elementor-size-default\">Plan de Estudios<\/h2>\t\t\t\t<\/div>\n\t\t\t\t<\/div>\n\t\t\t\t<div class=\"elementor-element elementor-element-94a7372 elementor-widget-divider--view-line elementor-widget elementor-widget-divider\" data-id=\"94a7372\" data-element_type=\"widget\" data-e-type=\"widget\" data-widget_type=\"divider.default\">\n\t\t\t\t<div class=\"elementor-widget-container\">\n\t\t\t\t\t\t\t<div class=\"elementor-divider\">\n\t\t\t<span class=\"elementor-divider-separator\">\n\t\t\t\t\t\t<\/span>\n\t\t<\/div>\n\t\t\t\t\t\t<\/div>\n\t\t\t\t<\/div>\n\t\t\t\t<div class=\"elementor-element elementor-element-b7de174 elementor-widget elementor-widget-text-editor\" data-id=\"b7de174\" data-element_type=\"widget\" data-e-type=\"widget\" data-widget_type=\"text-editor.default\">\n\t\t\t\t<div class=\"elementor-widget-container\">\n\t\t\t\t\t\t\t\t\t<p style=\"text-align: center;\">Econom\u00eda y Administraci\u00f3n con Intensificaci\u00f3n en Ingl\u00e9s<\/p>\t\t\t\t\t\t\t\t<\/div>\n\t\t\t\t<\/div>\n\t\t\t\t\t<\/div>\n\t\t<\/div>\n\t\t\t\t\t<\/div>\n\t\t<\/section>\n\t\t\t\t<section class=\"elementor-section elementor-top-section elementor-element elementor-element-022d1ba elementor-section-boxed elementor-section-height-default elementor-section-height-default\" data-id=\"022d1ba\" data-element_type=\"section\" data-e-type=\"section\">\n\t\t\t\t\t\t<div class=\"elementor-container elementor-column-gap-default\">\n\t\t\t\t\t<div class=\"elementor-column elementor-col-100 elementor-top-column elementor-element elementor-element-b3cc522\" data-id=\"b3cc522\" data-element_type=\"column\" data-e-type=\"column\">\n\t\t\t<div class=\"elementor-widget-wrap elementor-element-populated\">\n\t\t\t\t\t\t<div class=\"elementor-element elementor-element-2e6d7f3 elementor-widget elementor-widget-image-gallery\" data-id=\"2e6d7f3\" data-element_type=\"widget\" data-e-type=\"widget\" data-widget_type=\"image-gallery.default\">\n\t\t\t\t<div class=\"elementor-widget-container\">\n\t\t\t\t\t\t\t<div class=\"elementor-image-gallery\">\n\t\t\t\n\t\t<style type=\"text\/css\">\n\t\t\t#gallery-1 {\n\t\t\t\tmargin: auto;\n\t\t\t}\n\t\t\t#gallery-1 .gallery-item {\n\t\t\t\tfloat: left;\n\t\t\t\tmargin-top: 10px;\n\t\t\t\ttext-align: center;\n\t\t\t\twidth: 50%;\n\t\t\t}\n\t\t\t#gallery-1 img {\n\t\t\t\tborder: 2px solid #cfcfcf;\n\t\t\t}\n\t\t\t#gallery-1 .gallery-caption {\n\t\t\t\tmargin-left: 0;\n\t\t\t}\n\t\t\t\/* see gallery_shortcode() in wp-includes\/media.php *\/\n\t\t<\/style>\n\t\t<div id='gallery-1' class='gallery galleryid-645 gallery-columns-2 gallery-size-full'><dl class='gallery-item'>\n\t\t\t<dt class='gallery-icon landscape'>\n\t\t\t\t<a data-elementor-open-lightbox=\"yes\" data-elementor-lightbox-slideshow=\"2e6d7f3\" data-elementor-lightbox-title=\"FORMACION GENERAL ECONOMIA\" data-e-action-hash=\"#elementor-action%3Aaction%3Dlightbox%26settings%3DeyJpZCI6NjU3LCJ1cmwiOiJodHRwczpcL1wvY29sZWdpb3NhbmlzaWRyb2xhYnJhZG9yLmVkdS5hclwvaXNpbFwvd3AtY29udGVudFwvdXBsb2Fkc1wvMjAyMVwvMTFcL0ZPUk1BQ0lPTi1HRU5FUkFMLUVDT05PTUlBLnBuZyIsInNsaWRlc2hvdyI6IjJlNmQ3ZjMifQ%3D%3D\" href='https:\/\/colegiosanisidrolabrador.edu.ar\/isil\/wp-content\/uploads\/2021\/11\/FORMACION-GENERAL-ECONOMIA.png'><img fetchpriority=\"high\" decoding=\"async\" width=\"1926\" height=\"1062\" src=\"https:\/\/colegiosanisidrolabrador.edu.ar\/isil\/wp-content\/uploads\/2021\/11\/FORMACION-GENERAL-ECONOMIA.png\" class=\"attachment-full size-full\" alt=\"\" aria-describedby=\"gallery-1-657\" srcset=\"https:\/\/colegiosanisidrolabrador.edu.ar\/isil\/wp-content\/uploads\/2021\/11\/FORMACION-GENERAL-ECONOMIA.png 1926w, https:\/\/colegiosanisidrolabrador.edu.ar\/isil\/wp-content\/uploads\/2021\/11\/FORMACION-GENERAL-ECONOMIA-300x165.png 300w, https:\/\/colegiosanisidrolabrador.edu.ar\/isil\/wp-content\/uploads\/2021\/11\/FORMACION-GENERAL-ECONOMIA-1024x565.png 1024w, https:\/\/colegiosanisidrolabrador.edu.ar\/isil\/wp-content\/uploads\/2021\/11\/FORMACION-GENERAL-ECONOMIA-768x423.png 768w, https:\/\/colegiosanisidrolabrador.edu.ar\/isil\/wp-content\/uploads\/2021\/11\/FORMACION-GENERAL-ECONOMIA-1536x847.png 1536w\" sizes=\"(max-width: 1926px) 100vw, 1926px\" \/><\/a>\n\t\t\t<\/dt>\n\t\t\t\t<dd class='wp-caption-text gallery-caption' id='gallery-1-657'>\n\t\t\t\tFormaci\u00f3n General\n\t\t\t\t<\/dd><\/dl><dl class='gallery-item'>\n\t\t\t<dt class='gallery-icon landscape'>\n\t\t\t\t<a data-elementor-open-lightbox=\"yes\" data-elementor-lightbox-slideshow=\"2e6d7f3\" data-elementor-lightbox-title=\"FORMACION ESPECIFICA ECONOMIA\" data-e-action-hash=\"#elementor-action%3Aaction%3Dlightbox%26settings%3DeyJpZCI6NjU1LCJ1cmwiOiJodHRwczpcL1wvY29sZWdpb3NhbmlzaWRyb2xhYnJhZG9yLmVkdS5hclwvaXNpbFwvd3AtY29udGVudFwvdXBsb2Fkc1wvMjAyMVwvMTFcL0ZPUk1BQ0lPTi1FU1BFQ0lGSUNBLUVDT05PTUlBLnBuZyIsInNsaWRlc2hvdyI6IjJlNmQ3ZjMifQ%3D%3D\" href='https:\/\/colegiosanisidrolabrador.edu.ar\/isil\/wp-content\/uploads\/2021\/11\/FORMACION-ESPECIFICA-ECONOMIA.png'><img decoding=\"async\" width=\"2040\" height=\"1012\" src=\"https:\/\/colegiosanisidrolabrador.edu.ar\/isil\/wp-content\/uploads\/2021\/11\/FORMACION-ESPECIFICA-ECONOMIA.png\" class=\"attachment-full size-full\" alt=\"\" aria-describedby=\"gallery-1-655\" srcset=\"https:\/\/colegiosanisidrolabrador.edu.ar\/isil\/wp-content\/uploads\/2021\/11\/FORMACION-ESPECIFICA-ECONOMIA.png 2040w, https:\/\/colegiosanisidrolabrador.edu.ar\/isil\/wp-content\/uploads\/2021\/11\/FORMACION-ESPECIFICA-ECONOMIA-300x149.png 300w, https:\/\/colegiosanisidrolabrador.edu.ar\/isil\/wp-content\/uploads\/2021\/11\/FORMACION-ESPECIFICA-ECONOMIA-1024x508.png 1024w, https:\/\/colegiosanisidrolabrador.edu.ar\/isil\/wp-content\/uploads\/2021\/11\/FORMACION-ESPECIFICA-ECONOMIA-768x381.png 768w, https:\/\/colegiosanisidrolabrador.edu.ar\/isil\/wp-content\/uploads\/2021\/11\/FORMACION-ESPECIFICA-ECONOMIA-1536x762.png 1536w\" sizes=\"(max-width: 2040px) 100vw, 2040px\" \/><\/a>\n\t\t\t<\/dt>\n\t\t\t\t<dd class='wp-caption-text gallery-caption' id='gallery-1-655'>\n\t\t\t\tFormaci\u00f3n Espec\u00edfica\n\t\t\t\t<\/dd><\/dl><br style=\"clear: both\" \/>\n\t\t<\/div>\n\t\t<\/div>\n\t\t\t\t\t\t<\/div>\n\t\t\t\t<\/div>\n\t\t\t\t\t<\/div>\n\t\t<\/div>\n\t\t\t\t\t<\/div>\n\t\t<\/section>\n\t\t\t\t<section class=\"elementor-section elementor-top-section elementor-element elementor-element-9f3d03a elementor-section-boxed elementor-section-height-default elementor-section-height-default\" data-id=\"9f3d03a\" data-element_type=\"section\" data-e-type=\"section\">\n\t\t\t\t\t\t<div class=\"elementor-container elementor-column-gap-default\">\n\t\t\t\t\t<div class=\"elementor-column elementor-col-100 elementor-top-column elementor-element elementor-element-ab64acb\" data-id=\"ab64acb\" data-element_type=\"column\" data-e-type=\"column\">\n\t\t\t<div class=\"elementor-widget-wrap elementor-element-populated\">\n\t\t\t\t\t\t<div class=\"elementor-element elementor-element-8c27f68 elementor-widget-divider--view-line elementor-widget elementor-widget-divider\" data-id=\"8c27f68\" data-element_type=\"widget\" data-e-type=\"widget\" data-widget_type=\"divider.default\">\n\t\t\t\t<div class=\"elementor-widget-container\">\n\t\t\t\t\t\t\t<div class=\"elementor-divider\">\n\t\t\t<span class=\"elementor-divider-separator\">\n\t\t\t\t\t\t<\/span>\n\t\t<\/div>\n\t\t\t\t\t\t<\/div>\n\t\t\t\t<\/div>\n\t\t\t\t\t<\/div>\n\t\t<\/div>\n\t\t\t\t\t<\/div>\n\t\t<\/section>\n\t\t\t\t<section class=\"elementor-section elementor-top-section elementor-element elementor-element-7347f9c elementor-section-boxed elementor-section-height-default elementor-section-height-default\" data-id=\"7347f9c\" data-element_type=\"section\" data-e-type=\"section\">\n\t\t\t\t\t\t<div class=\"elementor-container elementor-column-gap-default\">\n\t\t\t\t\t<div class=\"elementor-column elementor-col-100 elementor-top-column elementor-element elementor-element-088fc19\" data-id=\"088fc19\" data-element_type=\"column\" data-e-type=\"column\">\n\t\t\t<div class=\"elementor-widget-wrap elementor-element-populated\">\n\t\t\t\t\t\t<div class=\"elementor-element elementor-element-2413fcd elementor-widget elementor-widget-text-editor\" data-id=\"2413fcd\" data-element_type=\"widget\" data-e-type=\"widget\" data-widget_type=\"text-editor.default\">\n\t\t\t\t<div class=\"elementor-widget-container\">\n\t\t\t\t\t\t\t\t\t<p style=\"text-align: center;\">Ciencias Sociales y Humanidades con Intensificaci\u00f3n en Ingl\u00e9s<\/p>\t\t\t\t\t\t\t\t<\/div>\n\t\t\t\t<\/div>\n\t\t\t\t\t<\/div>\n\t\t<\/div>\n\t\t\t\t\t<\/div>\n\t\t<\/section>\n\t\t\t\t<section class=\"elementor-section elementor-top-section elementor-element elementor-element-9f34a61 elementor-section-boxed elementor-section-height-default elementor-section-height-default\" data-id=\"9f34a61\" data-element_type=\"section\" data-e-type=\"section\">\n\t\t\t\t\t\t<div class=\"elementor-container elementor-column-gap-default\">\n\t\t\t\t\t<div class=\"elementor-column elementor-col-100 elementor-top-column elementor-element elementor-element-bd5b5f6\" data-id=\"bd5b5f6\" data-element_type=\"column\" data-e-type=\"column\">\n\t\t\t<div class=\"elementor-widget-wrap elementor-element-populated\">\n\t\t\t\t\t\t<div class=\"elementor-element elementor-element-ae16f3e elementor-widget elementor-widget-image-gallery\" data-id=\"ae16f3e\" data-element_type=\"widget\" data-e-type=\"widget\" data-widget_type=\"image-gallery.default\">\n\t\t\t\t<div class=\"elementor-widget-container\">\n\t\t\t\t\t\t\t<div class=\"elementor-image-gallery\">\n\t\t\t\n\t\t<style type=\"text\/css\">\n\t\t\t#gallery-2 {\n\t\t\t\tmargin: auto;\n\t\t\t}\n\t\t\t#gallery-2 .gallery-item {\n\t\t\t\tfloat: left;\n\t\t\t\tmargin-top: 10px;\n\t\t\t\ttext-align: center;\n\t\t\t\twidth: 50%;\n\t\t\t}\n\t\t\t#gallery-2 img {\n\t\t\t\tborder: 2px solid #cfcfcf;\n\t\t\t}\n\t\t\t#gallery-2 .gallery-caption {\n\t\t\t\tmargin-left: 0;\n\t\t\t}\n\t\t\t\/* see gallery_shortcode() in wp-includes\/media.php *\/\n\t\t<\/style>\n\t\t<div id='gallery-2' class='gallery galleryid-645 gallery-columns-2 gallery-size-full'><dl class='gallery-item'>\n\t\t\t<dt class='gallery-icon landscape'>\n\t\t\t\t<a data-elementor-open-lightbox=\"yes\" data-elementor-lightbox-slideshow=\"ae16f3e\" data-elementor-lightbox-title=\"FORMACION GENERAL SOCIALES\" data-e-action-hash=\"#elementor-action%3Aaction%3Dlightbox%26settings%3DeyJpZCI6NjU0LCJ1cmwiOiJodHRwczpcL1wvY29sZWdpb3NhbmlzaWRyb2xhYnJhZG9yLmVkdS5hclwvaXNpbFwvd3AtY29udGVudFwvdXBsb2Fkc1wvMjAyMVwvMTFcL0ZPUk1BQ0lPTi1HRU5FUkFMLVNPQ0lBTEVTLnBuZyIsInNsaWRlc2hvdyI6ImFlMTZmM2UifQ%3D%3D\" href='https:\/\/colegiosanisidrolabrador.edu.ar\/isil\/wp-content\/uploads\/2021\/11\/FORMACION-GENERAL-SOCIALES.png'><img decoding=\"async\" width=\"2106\" height=\"1150\" src=\"https:\/\/colegiosanisidrolabrador.edu.ar\/isil\/wp-content\/uploads\/2021\/11\/FORMACION-GENERAL-SOCIALES.png\" class=\"attachment-full size-full\" alt=\"\" aria-describedby=\"gallery-2-654\" srcset=\"https:\/\/colegiosanisidrolabrador.edu.ar\/isil\/wp-content\/uploads\/2021\/11\/FORMACION-GENERAL-SOCIALES.png 2106w, https:\/\/colegiosanisidrolabrador.edu.ar\/isil\/wp-content\/uploads\/2021\/11\/FORMACION-GENERAL-SOCIALES-300x164.png 300w, https:\/\/colegiosanisidrolabrador.edu.ar\/isil\/wp-content\/uploads\/2021\/11\/FORMACION-GENERAL-SOCIALES-1024x559.png 1024w, https:\/\/colegiosanisidrolabrador.edu.ar\/isil\/wp-content\/uploads\/2021\/11\/FORMACION-GENERAL-SOCIALES-768x419.png 768w, https:\/\/colegiosanisidrolabrador.edu.ar\/isil\/wp-content\/uploads\/2021\/11\/FORMACION-GENERAL-SOCIALES-1536x839.png 1536w, https:\/\/colegiosanisidrolabrador.edu.ar\/isil\/wp-content\/uploads\/2021\/11\/FORMACION-GENERAL-SOCIALES-2048x1118.png 2048w\" sizes=\"(max-width: 2106px) 100vw, 2106px\" \/><\/a>\n\t\t\t<\/dt>\n\t\t\t\t<dd class='wp-caption-text gallery-caption' id='gallery-2-654'>\n\t\t\t\tFormaci\u00f3n General\n\t\t\t\t<\/dd><\/dl><dl class='gallery-item'>\n\t\t\t<dt class='gallery-icon landscape'>\n\t\t\t\t<a data-elementor-open-lightbox=\"yes\" data-elementor-lightbox-slideshow=\"ae16f3e\" data-elementor-lightbox-title=\"FORMACION ESPECIFICA SOCIALES\" data-e-action-hash=\"#elementor-action%3Aaction%3Dlightbox%26settings%3DeyJpZCI6NjU2LCJ1cmwiOiJodHRwczpcL1wvY29sZWdpb3NhbmlzaWRyb2xhYnJhZG9yLmVkdS5hclwvaXNpbFwvd3AtY29udGVudFwvdXBsb2Fkc1wvMjAyMVwvMTFcL0ZPUk1BQ0lPTi1FU1BFQ0lGSUNBLVNPQ0lBTEVTLnBuZyIsInNsaWRlc2hvdyI6ImFlMTZmM2UifQ%3D%3D\" href='https:\/\/colegiosanisidrolabrador.edu.ar\/isil\/wp-content\/uploads\/2021\/11\/FORMACION-ESPECIFICA-SOCIALES.png'><img loading=\"lazy\" decoding=\"async\" width=\"2042\" height=\"1012\" src=\"https:\/\/colegiosanisidrolabrador.edu.ar\/isil\/wp-content\/uploads\/2021\/11\/FORMACION-ESPECIFICA-SOCIALES.png\" class=\"attachment-full size-full\" alt=\"\" aria-describedby=\"gallery-2-656\" srcset=\"https:\/\/colegiosanisidrolabrador.edu.ar\/isil\/wp-content\/uploads\/2021\/11\/FORMACION-ESPECIFICA-SOCIALES.png 2042w, https:\/\/colegiosanisidrolabrador.edu.ar\/isil\/wp-content\/uploads\/2021\/11\/FORMACION-ESPECIFICA-SOCIALES-300x149.png 300w, https:\/\/colegiosanisidrolabrador.edu.ar\/isil\/wp-content\/uploads\/2021\/11\/FORMACION-ESPECIFICA-SOCIALES-1024x507.png 1024w, https:\/\/colegiosanisidrolabrador.edu.ar\/isil\/wp-content\/uploads\/2021\/11\/FORMACION-ESPECIFICA-SOCIALES-768x381.png 768w, https:\/\/colegiosanisidrolabrador.edu.ar\/isil\/wp-content\/uploads\/2021\/11\/FORMACION-ESPECIFICA-SOCIALES-1536x761.png 1536w\" sizes=\"(max-width: 2042px) 100vw, 2042px\" \/><\/a>\n\t\t\t<\/dt>\n\t\t\t\t<dd class='wp-caption-text gallery-caption' id='gallery-2-656'>\n\t\t\t\tFormaci\u00f3n Espec\u00edfica\n\t\t\t\t<\/dd><\/dl><br style=\"clear: both\" \/>\n\t\t<\/div>\n\t\t<\/div>\n\t\t\t\t\t\t<\/div>\n\t\t\t\t<\/div>\n\t\t\t\t\t<\/div>\n\t\t<\/div>\n\t\t\t\t\t<\/div>\n\t\t<\/section>\n\t\t\t\t<section class=\"elementor-section elementor-top-section elementor-element elementor-element-d47fe00 elementor-section-boxed elementor-section-height-default elementor-section-height-default\" data-id=\"d47fe00\" data-element_type=\"section\" data-e-type=\"section\">\n\t\t\t\t\t\t<div class=\"elementor-container elementor-column-gap-default\">\n\t\t\t\t\t<div class=\"elementor-column elementor-col-100 elementor-top-column elementor-element elementor-element-9250102\" data-id=\"9250102\" data-element_type=\"column\" data-e-type=\"column\">\n\t\t\t<div class=\"elementor-widget-wrap elementor-element-populated\">\n\t\t\t\t\t\t<div class=\"elementor-element elementor-element-1a4f69b elementor-widget-divider--view-line elementor-widget elementor-widget-divider\" data-id=\"1a4f69b\" data-element_type=\"widget\" data-e-type=\"widget\" data-widget_type=\"divider.default\">\n\t\t\t\t<div class=\"elementor-widget-container\">\n\t\t\t\t\t\t\t<div class=\"elementor-divider\">\n\t\t\t<span class=\"elementor-divider-separator\">\n\t\t\t\t\t\t<\/span>\n\t\t<\/div>\n\t\t\t\t\t\t<\/div>\n\t\t\t\t<\/div>\n\t\t\t\t\t<\/div>\n\t\t<\/div>\n\t\t\t\t\t<\/div>\n\t\t<\/section>\n\t\t\t\t<\/div>\n\t\t","protected":false},"excerpt":{"rendered":"<p>Plan de Estudios Econom\u00eda y Administraci\u00f3n con Intensificaci\u00f3n en Ingl\u00e9s Formaci\u00f3n General Formaci\u00f3n Espec\u00edfica &nbsp; Ciencias Sociales y Humanidades con Intensificaci\u00f3n en Ingl\u00e9s Formaci\u00f3n General Formaci\u00f3n Espec\u00edfica &nbsp;<\/p>\n","protected":false},"author":1,"featured_media":0,"parent":0,"menu_order":0,"comment_status":"closed","ping_status":"closed","template":"","meta":{"footnotes":""},"class_list":["post-645","page","type-page","status-publish","hentry"],"_links":{"self":[{"href":"https:\/\/colegiosanisidrolabrador.edu.ar\/isil\/wp-json\/wp\/v2\/pages\/645","targetHints":{"allow":["GET"]}}],"collection":[{"href":"https:\/\/colegiosanisidrolabrador.edu.ar\/isil\/wp-json\/wp\/v2\/pages"}],"about":[{"href":"https:\/\/colegiosanisidrolabrador.edu.ar\/isil\/wp-json\/wp\/v2\/types\/page"}],"author":[{"embeddable":true,"href":"https:\/\/colegiosanisidrolabrador.edu.ar\/isil\/wp-json\/wp\/v2\/users\/1"}],"replies":[{"embeddable":true,"href":"https:\/\/colegiosanisidrolabrador.edu.ar\/isil\/wp-json\/wp\/v2\/comments?post=645"}],"version-history":[{"count":5,"href":"https:\/\/colegiosanisidrolabrador.edu.ar\/isil\/wp-json\/wp\/v2\/pages\/645\/revisions"}],"predecessor-version":[{"id":1480,"href":"https:\/\/colegiosanisidrolabrador.edu.ar\/isil\/wp-json\/wp\/v2\/pages\/645\/revisions\/1480"}],"wp:attachment":[{"href":"https:\/\/colegiosanisidrolabrador.edu.ar\/isil\/wp-json\/wp\/v2\/media?parent=645"}],"curies":[{"name":"wp","href":"https:\/\/api.w.org\/{rel}","templated":true}]}}