{"id":445,"date":"2021-10-27T05:31:14","date_gmt":"2021-10-27T05:31:14","guid":{"rendered":"https:\/\/colegiosanisidrolabrador.edu.ar\/isil\/?page_id=445"},"modified":"2026-01-30T10:35:19","modified_gmt":"2026-01-30T13:35:19","slug":"pastoral-nivel-inicial","status":"publish","type":"page","link":"https:\/\/colegiosanisidrolabrador.edu.ar\/isil\/pastoral-nivel-inicial\/","title":{"rendered":"Pastoral &#8211; Nivel Inicial"},"content":{"rendered":"<p style=\"text-align: center;\"><span style=\"font-size: 18pt;\"><b>LOS VALORES QUE ENSE\u00d1AMOS<\/b><\/span><\/p>\n<p style=\"text-align: center;\">La vida: Visi\u00f3n creacionista<\/p>\n<p style=\"text-align: center;\">La vida humana se inicia en el momento de la concepci\u00f3n. La dignidad del ser humano es \u00fanica, universal e irrenunciable. \u00c9sta es la base fundamental de los llamados \u00abderechos humanos\u00bb.\u00a0 La defendemos y ense\u00f1amos desde aquel primer momento, hasta el \u00faltimo aliento de vida.<\/p>\n<p style=\"text-align: center;\">&#8211; Naturaleza humana y Teolog\u00eda de G\u00e9nero<\/p>\n<p style=\"text-align: center;\">&#8211; Educaci\u00f3n para el amor.<\/p>\n<p><b>INICIAL<\/b><\/p>\n<p><b style=\"font-size: inherit; color: var( --e-global-color-text ); font-family: var( --e-global-typography-text-font-family ), Sans-serif;\">Catequesis<\/b><\/p>\n<p>Adherimos a la ense\u00f1anza a la que nos invita el DIRECTORIO GENERAL PARA LA CATEQUESIS.<\/p>\n<p>Art\u00edculo 67: Caracter\u00edstica de la Catequesis:<\/p>\n<p>1\u2013 La catequesis es una formaci\u00f3n org\u00e1nica y sistem\u00e1tica de la fe. (distinta de todas las dem\u00e1sformas de presentar la Palabra de Dios).<\/p>\n<p>2\u2013 Esta formaci\u00f3n org\u00e1nica es m\u00e1s que una ense\u00f1anza: es un aprendizaje de toda la vida cristiana, \u00ab una iniciaci\u00f3n cristiana integral \u00bb, que propicia un aut\u00e9ntico seguimiento de Jesucristo, centrado en su Persona (Que el hombre entero se vea fecundado por la Palabra de Dios. Se ayudar\u00e1 as\u00ed al disc\u00edpulo de Jesucristo a transformar el hombre viejo, a asumir sus compromisos bautismales y a profesar la fe desde el \u00ab coraz\u00f3n \u00bb).<\/p>\n<p><b style=\"font-size: inherit; color: var( --e-global-color-text ); font-family: var( --e-global-typography-text-font-family ), Sans-serif;\">Notas de la Catequesis<\/b><\/p>\n<p>Una catequesis alegre, din\u00e1mica, centrada en la Palabra de Dios y el encuentro con Jes\u00fas,<\/p>\n<p>Amigo; Mar\u00eda la mam\u00e1 de Jes\u00fas y los Santos.<\/p>\n<p>Pilares del Anuncio:<br \/>\nContenido<br \/>\nLa Palabra de Dios<br \/>\nRecurso<\/p>\n<p><b>Itinerario de celebraciones<\/b><\/p>\n<p>Sala de 2: Celebraci\u00f3n de la Sagrada Familia<br \/>\nSala de 3: Celebraci\u00f3n de la Vida y la Creaci\u00f3n<br \/>\nSala de 4: Peregrinaci\u00f3n de la Virgen<br \/>\nSala de 5: Renovaci\u00f3n de las Promesas Bautismales<\/p>\n<p><b>Acciones Pastorales<\/b><\/p>\n<p>\u00a1La Fiesta de la Resurrecci\u00f3n!<\/p>\n<p>La historia de la Virgen de Luj\u00e1n<\/p>\n","protected":false},"excerpt":{"rendered":"<p>LOS VALORES QUE ENSE\u00d1AMOS La vida: Visi\u00f3n creacionista La vida humana se inicia en el momento de la concepci\u00f3n. La dignidad del ser humano es \u00fanica, universal e irrenunciable. \u00c9sta es la base fundamental de los llamados \u00abderechos humanos\u00bb.\u00a0 La defendemos y ense\u00f1amos desde aquel primer momento, hasta el \u00faltimo [&hellip;]<\/p>\n","protected":false},"author":1,"featured_media":0,"parent":0,"menu_order":0,"comment_status":"closed","ping_status":"closed","template":"","meta":{"footnotes":""},"class_list":["post-445","page","type-page","status-publish","hentry"],"_links":{"self":[{"href":"https:\/\/colegiosanisidrolabrador.edu.ar\/isil\/wp-json\/wp\/v2\/pages\/445","targetHints":{"allow":["GET"]}}],"collection":[{"href":"https:\/\/colegiosanisidrolabrador.edu.ar\/isil\/wp-json\/wp\/v2\/pages"}],"about":[{"href":"https:\/\/colegiosanisidrolabrador.edu.ar\/isil\/wp-json\/wp\/v2\/types\/page"}],"author":[{"embeddable":true,"href":"https:\/\/colegiosanisidrolabrador.edu.ar\/isil\/wp-json\/wp\/v2\/users\/1"}],"replies":[{"embeddable":true,"href":"https:\/\/colegiosanisidrolabrador.edu.ar\/isil\/wp-json\/wp\/v2\/comments?post=445"}],"version-history":[{"count":10,"href":"https:\/\/colegiosanisidrolabrador.edu.ar\/isil\/wp-json\/wp\/v2\/pages\/445\/revisions"}],"predecessor-version":[{"id":519,"href":"https:\/\/colegiosanisidrolabrador.edu.ar\/isil\/wp-json\/wp\/v2\/pages\/445\/revisions\/519"}],"wp:attachment":[{"href":"https:\/\/colegiosanisidrolabrador.edu.ar\/isil\/wp-json\/wp\/v2\/media?parent=445"}],"curies":[{"name":"wp","href":"https:\/\/api.w.org\/{rel}","templated":true}]}}